 of 15?
True
Is 98 a factor of 13486590?
False
Is 63 a factor of 75978?
True
Is 14 a factor of 136362?
False
Does 8 divide 145109?
False
Does 167 divide 90681?
True
Is 712277 a multiple of 27?
False
Does 22 divide 10604126?
False
Is 1023558 a multiple of 31?
True
Does 17 divide 751162?
True
Does 83 divide 758703?
True
Does 747 divide 325506?
False
Does 28 divide 28784?
True
Does 80 divide 8001091?
False
Is 241232 a multiple of 169?
False
Is 135240 a multiple of 46?
True
Is 771761 a multiple of 269?
True
Is 5 a factor of 28670?
True
Does 378 divide 2626344?
True
Does 18 divide 338265?
False
Is 122366 a multiple of 7?
False
Is 1781296 a multiple of 116?
True
Is 399235 a multiple of 923?
False
Is 8 a factor of 6927312?
True
Does 46 divide 79672?
True
Is 594 a factor of 3611520?
True
Is 10 a factor of 45128?
False
Does 27 divide 9021?
False
Is 108 a factor of 5548?
False
Is 40 a factor of 9567120?
True
Is 562 a factor of 272907?
False
Does 769 divide 5091700?
False
Is 19 a factor of 1793790?
True
Is 1570441 a multiple of 103?
True
Is 591 a factor of 1516681?
False
Is 3348432 a multiple of 1104?
True
Does 15 divide 3388692?
False
Does 11 divide 1435511?
True
Is 18 a factor of 3781044?
True
Is 260620 a multiple of 20?
True
Does 12 divide 548160?
True
Is 1096823 a multiple of 378?
False
Does 22 divide 463797?
False
Does 110 divide 564849?
False
Is 632951 a multiple of 16?
False
Is 57094 a multiple of 34?
False
Does 764 divide 211628?
True
Is 2995430 a multiple of 590?
True
Is 36 a factor of 2388610?
False
Is 97 a factor of 2555174?
True
Is 301814 a multiple of 65?
False
Is 4 a factor of 125509?
False
Is 453496 a multiple of 4?
True
Does 803 divide 452892?
True
Is 9230250 a multiple of 397?
True
Does 16 divide 3265417?
False
Is 10 a factor of 808474?
False
Does 94 divide 396586?
True
Is 23930153 a multiple of 2119?
False
Does 201 divide 1504686?
True
Is 111945 a multiple of 51?
True
Is 98 a factor of 1343099?
False
Does 4 divide 913?
False
Is 547058 a multiple of 37?
False
Is 3 a factor of 129304?
False
Is 7 a factor of 246373?
False
Is 11645 a multiple of 137?
True
Is 195471 a multiple of 5?
False
Is 1197952 a multiple of 56?
True
Is 343240 a multiple of 52?
False
Does 50 divide 469648?
False
Is 1225564 a multiple of 268?
True
Is 43151 a multiple of 5?
False
Is 1395056 a multiple of 4?
True
Is 4047400 a multiple of 200?
True
Is 188037 a multiple of 9?
True
Does 240 divide 4067040?
True
Is 612 a factor of 2299284?
True
Is 57 a factor of 500952?
False
Is 980223 a multiple of 11?
False
Is 321393 a multiple of 447?
True
Is 1739284 a multiple of 327?
False
Is 13 a factor of 9629202?
False
Is 503659 a multiple of 42?
False
Is 22271 a multiple of 40?
False
Does 28 divide 361284?
True
Does 69 divide 3819093?
False
Does 21 divide 4578273?
True
Is 766073 a multiple of 77?
True
Does 3 divide 510030?
True
Is 341295 a multiple of 61?
True
Is 76 a factor of 4008696?
True
Is 17 a factor of 1586185?
True
Is 475330 a multiple of 18?
False
Is 78200 a multiple of 7?
False
Does 18 divide 496493?
False
Is 19055 a multiple of 12?
False
Is 508567 a multiple of 323?
False
Is 32 a factor of 1566852?
False
Does 115 divide 462415?
True
Is 143262 a multiple of 379?
True
Is 162466 a multiple of 29?
False
Is 23 a factor of 3910?
True
Is 4063294 a multiple of 120?
False
Is 647017 a multiple of 332?
False
Is 8 a factor of 92880?
True
Is 41 a factor of 1528?
False
Is 7 a factor of 707833?
True
Is 817150 a multiple of 13?
False
Is 1021275 a multiple of 255?
True
Is 685388 a multiple of 421?
True
Is 52 a factor of 1065740?
True
Is 8 a factor of 382645?
False
Does 10 divide 417113?
False
Is 37001 a multiple of 120?
False
Is 56 a factor of 2945423?
False
Does 54 divide 1584198?
True
Is 69542 a multiple of 32?
False
Is 16 a factor of 120592?
True
Does 131 divide 263048?
True
Is 143 a factor of 481481?
True
Does 194 divide 10035814?
True
Is 162 a factor of 725436?
True
Is 7 a factor of 206542?
True
Does 12 divide 37861?
False
Does 7 divide 1260540?
False
Is 17 a factor of 1575339?
True
Is 75044 a multiple of 257?
True
Is 302778 a multiple of 178?
True
Does 3 divide 116070?
True
Does 382 divide 310184?
True
Is 4 a factor of 49683?
False
Is 373360 a multiple of 104?
True
Does 7 divide 20394?
False
Is 197768 a multiple of 31?
False
Does 273 divide 214429?
False
Does 14 divide 2382590?
True
Is 629680 a multiple of 136?
True
Does 156 divide 19500?
True
Does 420 divide 5106584?
False
Does 780 divide 2164500?
True
Is 676 a factor of 1159340?
True
Is 78168 a multiple of 12?
True
Does 148 divide 1632292?
True
Is 1064 a multiple of 7?
True
Is 33856 a multiple of 92?
True
Is 82644 a multiple of 6?
True
Is 74 a factor of 1341768?
True
Is 28 a factor of 232732?
False
Is 30 a factor of 716550?
True
Is 381 a factor of 73152?
True
Is 79 a factor of 1747374?
False
Does 89 divide 924504?
False
Is 75 a factor of 1367118?
False
Is 1947414 a multiple of 699?
True
Does 960 divide 16522560?
True
Is 98 a factor of 3700679?
False
Is 21 a factor of 1551837?
True
Is 12212718 a multiple of 169?
False
Is 2112416 a multiple of 32?
True
Is 279540 a multiple of 180?
True
Is 1365812 a multiple of 28?
True
Is 176592 a multiple of 13?
True
Does 9 divide 26393893?
False
Is 7 a factor of 161791?
True
Is 1191788 a multiple of 26?
True
Does 13 divide 8992941?
False
Does 6 divide 171170?
False
Is 249571 a multiple of 185?
False
Does 5 divide 30295?
True
Is 7 a factor of 4281450?
False
Is 171741 a multiple of 131?
True
Is 63 a factor of 4494632?
False
Is 10 a factor of 113603?
False
Is 787497 a multiple of 147?
False
Is 15 a factor of 1462016?
False
Does 369 divide 63669?
False
Does 13 divide 3209?
False
Is 8 a factor of 259744?
True
Is 88 a factor of 65736?
True
Is 10 a factor of 27417?
False
Is 13 a factor of 5020992?
False
Does 441 divide 155391?
False
Is 2201825 a multiple of 166?
False
Is 8134992 a multiple of 16?
True
Does 39 divide 555207?
False
Is 250240 a multiple of 320?
True
Is 16 a factor of 512096?
True
Does 11 divide 40740?
False
Is 4 a factor of 6656?
True
Is 130140 a multiple of 27?
True
Does 5 divide 115265?
True
Is 55 a factor of 163515?
True
Is 240305 a multiple of 3?
False
Is 2469720 a multiple of 3?
True
Is 2245 a multiple of 10?
False
Does 4 divide 6668?
True
Is 13810800 a multiple of 30?
True
Is 14 a factor of 107575?
False
Is 26 a factor of 164793?
False
Is 46866 a multiple of 73?
True
Does 86 divide 5361230?
False
Is 10687 a multiple of 65?
False
Is 210668 a multiple of 159?
False
Is 24 a factor of 2449276?
False
Is 12 a factor of 377580?
True
Does 31 divide 165914?
False
Is 5 a factor of 1234222?
False
Does 62 divide 3308643?
False
Is 43 a factor of 1476147?
True
Is 53 a factor of 3159233?
False
Does 105 divide 48720?
True
Is 203361 a multiple of 53?
True
Is 155950 a multiple of 25?
True
Is 75110 a multiple of 10?
True
Is 454548 a multiple of 12?
True
Is 4 a factor of 220320?
True
Does 44 divide 4109380?
True
Does 33 divide 152758?
False
Does 59 divide 624405?
False
Is 80 a factor of 166400?
True
Is 19584 a multiple of 9?
True
Is 839608 a multiple of 308?
True
Is 5 a factor of 323865?
True
Does 11 divide 66111?
False
Does 156 divide 93600?
True
Is 57 a factor of 13281?
True
Is 2616810 a multiple of 510?
True
Is 30 a factor of 135210?
True
Does 416 divide 3968669?
False
Is 9 a factor of 1259377?
False
Is 12467 a multiple of 13?
True
Is 973 a factor of 3204118?
False
Is 31 a factor of 2866139?
False
Is 50 a factor of 383600?
True
Is 34 a factor of 3318215?
False
Is 11 a factor of 65392?
False
Does 543 divide 1477571?
False
Does 52 divide 32488?
False
Is 4406387 a multiple of 996?
False
Is 101517 a multiple of 8?
False
Does 417 divide 168288?
False
Is 10 a factor of 2519988?
False
Is 2552762 a multiple of 132?
False
Is 1699 a factor of 2478841?
True
Is 27 a factor of 3937120?
False
Does 9 divide 653955?
False
Is 374149 a multiple of 46?
False
Is 1509546 a multiple of 303?
True
Is 4355676 a multiple of 52?
True
Is 39389 a multiple of 17?
True
Is 195 a factor of 75465?
True
Is 37 a factor of 702426?
False
Is 943181 even?
False
Is 338 a factor of 179816?
True
Is 48 a factor of 9312?
True
Does 274 divide 340717?
False
Is 342083 a multiple of 345?
False
Is 129900 a multiple of 11?
False
Is 42 a factor of 1